ue
Suppose 0 = 2*m - 0*m - 8. Suppose 0*g + m*g = 3892. Is g a composite number?
True
Suppose -2*w + 1776 = -2*v, 0 = -5*w - 0*w + v + 4456. Suppose 5*r - w = r. Is r prime?
True
Let z(u) = -945*u - 34. Is z(-1) composite?
False
Let m(b) = 272*b - 21. Let n(a) = -273*a + 21. Let f(r) = -5*m(r) - 6*n(r). Is f(8) a composite number?
False
Let i(n) = -n**3 + 6*n**2 + 2. Let u(q) = -q**2 - 10*q + 6. Let y be u(-10). Let v be i(y). Suppose -v*s + 104 = -62. Is s a composite number?
False
Suppose 27*x = 20*x + 28. Is ((-1)/3)/(x/(-21588)*1) a prime number?
False
Is ((-11332)/(-12))/(2/6) composite?
False
Let s be 7/((-77)/(-46)) - (-4)/(-22). Suppose -s*f + 4122 + 5954 = 0. Is f prime?
False
Suppose 2140 + 21302 = -3*s. Is s/((-2)/1)*1 composite?
False
Suppose -11*n + 547137 = -2*n. Is n a prime number?
True
Suppose -2 + 11 = 3*d. Suppose 0 = -5*n + 10, 0 = d*q + n + 2*n + 2136. Let l = -127 - q. Is l prime?
True
Let j = -75 - -77. Let g(i) = -3*i**3 - 3*i**2 + 3*i + 6. Let s be g(-4). Suppose q = -j*q + s. Is q prime?
False
Suppose 2*h + 9977 = 13*h. Is h composite?
False
Let y be (2/(-3))/(-2 + (-25120)/(-12564)). Let c = y + -364. Is c composite?
False
Let x(k) = -53*k - 584. Let c be x(-11). Let i be (8/(-6))/((-1)/(-3)). Is c/(-1)*(i + 23) prime?
True
Let v(w) = 5*w**3 - 20*w**2 - 93*w - 11. Let d be v(-4). Let n(m) = 18*m**3 + 4*m**2 - 6*m - 6. Let z be n(-4). Let r = d - z. Is r a composite number?
True
Let q = 8906 + -1165. Is q a composite number?
False
Let p be 1 - 0 - (-2 - 0). Suppose -v + k = p*k, 4*k = 0. Suppose 5*t = -v*t + 555. Is t a prime number?
False
Suppose -3*f = -6 - 0. Suppose f*n + 516 = 2*d, 2*d + d - 772 = 5*n. Is d composite?
True
Let z = 100 + -96. Suppose -z*g = -4*j + 2536, 4*g - 629 = -0*j - j. Is j a prime number?
False
Suppose 5*f + 4*n - 41 = 0, -f - 3*n + 0*n = -17. Suppose -k + 2229 = 2*x, -5*x - f*k + 4455 = -x. Is x a composite number?
True
Let n(r) = -r**3 + 19*r**2 + 2*r - 5. Let d be n(19). Suppose d*a - 24*a = 15831. Is a prime?
True
Let c(o) = o**3 - 13*o**2 + 16*o + 17. Let n = -4 - 3. Let j(s) = -3*s - 9. Let d be j(n). Is c(d) a composite number?
True
Let f(k) = -2*k**3 + 4*k**2 + 10*k + 6. Let a be f(-4). Let o = a + 361. Is o prime?
False
Is 44/12*(7 + 2066) prime?
False
Let g = 6824 + 23763. Is g a composite number?
True
Suppose -26*q = -10*q - 501040. Is q composite?
True
Let d(h) = h**2 - 2*h + 4. Let g be (-54)/4 - 13/26. Let s be d(g). Suppose 3*u + u - s = 0. Is u composite?
True
Let a be -2 + -6*(-2)/6. Suppose -5*j - 2*x + 297 = a, 0*j + 3*j - 2*x - 175 = 0. Is j prime?
True
Let k = 2024 - -9425. Is k prime?
False
Suppose -4*g = 6*g. Suppose -26285 = -5*k - g*k. Is k prime?
False
Let i = -16205 + 35866. Is i a prime number?
True
Let p(v) = v**3 + 4*v**2 - 3*v - 5. Let w be p(-4). Suppose 4 = -w*x + 8*x. Suppose -x*b + 45 + 473 = -2*z, 0 = -4*b + 5*z + 533. Is b a composite number?
False
Suppose 2*j - 4941 = 7069. Is j composite?
True
Suppose 0 = -7*g + 12*g + 85. Let f = g - -31. Suppose i - 271 = -f. Is i a prime number?
True
Suppose 0 = -38*r + 391086 + 11296. Is r composite?
False
Let z(a) be the third derivative of 17*a**4/24 - a**3/6 - 8*a**2. Let h(n) = n**3 - 4*n**2 + 2*n + 2. Let q be h(4). Is z(q) a prime number?
False
Let w(r) = 127*r**2 + 3*r - 3. Suppose -9*v + 6 = -3*v. Is w(v) a prime number?
True
Let y be (219/(-6))/(4/16). Let d = y + 277. Is d composite?
False
Let b(j) = -j**3 + 17*j**2 - 14*j + 14. Suppose 0 = -0*m - 2*m + 32. Is b(m) a prime number?
False
Let x = 5826 - 3942. Suppose -5*c + 576 = -3*q - x, -3*q = -c + 504. Is c a prime number?
False
Let l = -726 + 1493. Is l composite?
True
Let o = 13 - 4. Suppose 5*v - 2*v - o = 0. Suppose -5*i = -3*n + 455, 300 + 139 = v*n - i. Is n composite?
True
Let d be (-2)/(-4) + (-139)/(-2). Let b = 897 + d. Is b prime?
True
Let y = 9 + -6. Suppose y*z = -0*z + 2*g + 13257, g = z - 4418. Is z composite?
False
Let k = -18 - -14. Is 1881/3 + (-1 - (k + -1)) a composite number?
False
Suppose -6*s + 3030 = -2*s - x, -4*s = -2*x - 3032. Let n = s + 808. Is n prime?
False
Let x = -422 + 496. Is x prime?
False
Let b(o) = -2*o**3 - 13*o**2 + o + 41. Is b(-16) composite?
False
Let d(b) = b**3 + 42*b**2 + 9*b + 7. Let k be d(-16). Let n = k - 4396. Is n prime?
False
Suppose v - s + 5 = 0, 4*v + 4*s - 20 = -0*s. Suppose c + i + i - 115 = v, 2*c = -3*i + 228. Is c composite?
True
Suppose 0*l - 2*l = 1684. Let j = 797 - l. Is j composite?
True
Let l = -3015 - -1040. Suppose y - 626 - 2398 = 0. Let a = y + l. Is a composite?
False
Suppose -3784087 = -96*q + 2690441. Is q a prime number?
False
Suppose 2*u + 9 = -z, 4 = -u - 2*z - 2. Let o be (1261/(-2))/((-2)/u). Let b = o + 1874. Is b a composite number?
False
Let t = 20888 - 9033. Is t a prime number?
False
Let g(m) = 3*m - 7. Let a be g(6). Let n = a - -2. Suppose 3*d + n - 160 = 0. Is d a composite number?
True
Suppose 6*q - 28*q = -268114. Is q composite?
True
Let d = 7 + -4. Let m(k) = 0 + 54*k**d - 2*k**2 + 4*k**2 + 3*k - 3. Is m(2) prime?
True
Suppose -30*n - 68703 = -33*n. Is n a composite number?
False
Let b = 9656 - 427. Is b a prime number?
False
Suppose 2*j = 2*l - 8, 0 = -5*l - 3*j + 71 - 19. Suppose -x + 18 = -5*p - 0*p, -4*p + 2*x = 12. Is 38/l*(4 - p) a composite number?
True
Suppose 3*v = 4*v + 553. Is (-14)/(-35) + v/(-5) composite?
True
Let a = 8293 + -3842. Is a prime?
True
Let x = 17 - 19. Let v be (-5 - -407) + (-4)/x. Let l = 711 - v. Is l prime?
True
Let s(n) = -n**2 - n + 11. Let r(g) = 5*g**2 + 5*g - 43. Let w(m) = 2*r(m) + 9*s(m). Is w(-10) prime?
True
Let q = -64 + 69. Suppose -3*p + 21427 = 5*u - 5*p, -3*u + 12881 = q*p. Is u a prime number?
False
Let v(a) = a**3 + 3*a**2 - a - 3. Let x be v(-3). Is (-422)/((x + -4)/2) a composite number?
False
Suppose -6*g = -59811 + 22809. Is g prime?
False
Let x = 13250 - -6281. Is x a prime number?
True
Let b be 0*(-5 - 0 - -4). Suppose 3*j - 4*l + 3*l - 659 = 0, j + l - 217 = b. Is j composite?
True
Let z(q) = 16*q - 13. Let r be z(15). Let f be (-4 - 92)*5/3. Let p = r + f. Is p a prime number?
True
Let q be (18/(-15))/((-21)/(-70)). Is (22/q)/(-2 + (-486)/(-244)) a prime number?
False
Suppose 0 = -2*u - 10, 10*u - 4841 = -x + 6*u. Is x composite?
False
Suppose 82992 = 5*v - 43823. Suppose 5*s + 3308 = v. Is s a prime number?
False
Let q = -121 + 169. Let x be q/18 - 6/9. Is 527/2 + x/(-4) composite?
False
Let g = 2166 - 5129. Let d = g - -4444. Is d composite?
False
Let s be -3 + (6 - (-2 + 0)). Suppose -s*g + 3*i + 1240 = 0, 5*g - 4*i = 1353 - 118. Is g a composite number?
False
Let i be (-2 - -2) + 4 + -8 + 0. Is 113 + (i - (0 - 0)) a prime number?
True
Let r = -709 + 2024. Is r composite?
True
Let p = 4858 - -655. Is p a composite number?
True
Let r be (294/24)/((-2)/(-8)). Suppose -2*y = -5*o + 10, -3*o + 2*o = 3*y + r. Is ((-10)/y)/(2/69) prime?
True
Suppose -r + 32317 = -4*d, 96906 = 2*r + r - 3*d. Is r a composite number?
False
Let r be 104/676 + 1 + 159428/26. Let f = r - 3202. Is f a composite number?
True
Suppose 0 = 3*z - 5*l - 34538, 0*l = -3*z - l + 34568. Is z a prime number?
False
Let a(q) = q**3 - 5*q**2 + 2*q - 10. Let x be a(5). Suppose 3 = -3*y - x, 3*y = i - 742. Is i prime?
True
Let o = -84 + -50. Let l = o + 418. Suppose -2*j - m + 158 = -6*m, -4*j + l = -2*m. Is j a composite number?
True
Let y(h) = -h**3 + 12*h**2 + 3*h + 6. Let w be y(11). Let x(o) = 24*o - w*o - 109*o + 2. Is x(-1) a prime number?
False
Suppose 33512 = 2*r - 9*s + 7*s, -3*r = 2*s - 50273. Is r composite?
True
Let g = -976 + 1709. Is g a prime number?
True
Let c(s) = 11*s**3 - 5*s**2 - 6*s + 37. Is c(3) composite?
False
Suppose -2*i + 10524 = -2*g + 6*g, 3*i - 10520 = -4*g. Is g prime?
True
Suppose -g + 57328 = -k - 47765, k = 4. Is g a prime number?
True
Let v be (9142/21)/((-1)/(-9)). Let k = v + -2705. Is k a composite number?
False
Suppose 3*f + f = 4*t - 2896, 5*f = -2*t + 1413. Is t composite?
False
Suppose 5*u = 5, 4*n - 3*u - 13589 = 19520. Is n a prime number?
False
Suppose -2*k + 4*a + 102008 = -10098, -k - 2*a + 56053 = 0. Is k a prime number?
True
Let z(d) = 8*d**3 + 7*d**2 - 17*d - 35. Let p(k) = -k**3 + k**2 - k + 1. Let v(j) = -6*p(j) - z(j). Is v(-12) composite?
True
Let m(y) = 8*y + 11. Let o(a) = -4 - 14*a - 1 - 